te the highest common divisor of 28834 and 26.
26
Calculate the highest common divisor of 195 and 1106755.
65
Calculate the greatest common divisor of 534390 and 4794.
282
What is the greatest common divisor of 4497 and 57?
3
Calculate the highest common divisor of 329960 and 876.
292
What is the greatest common divisor of 402 and 1344?
6
Calculate the highest common factor of 748 and 77418.
374
Calculate the greatest common divisor of 84 and 4060.
28
Calculate the highest common factor of 7880 and 4.
4
What is the highest common factor of 12852 and 10044?
108
Calculate the greatest common factor of 560 and 55984.
16
Calculate the greatest common factor of 102384 and 180.
36
What is the highest common factor of 1324 and 16620172?
1324
What is the greatest common factor of 14 and 113694?
14
Calculate the highest common factor of 3499821 and 1534.
767
What is the highest common divisor of 519 and 570?
3
Calculate the greatest common divisor of 228 and 2622.
114
What is the greatest common divisor of 44 and 9288?
4
What is the greatest common divisor of 928 and 19053?
29
Calculate the highest common factor of 203958 and 9.
9
What is the highest common factor of 121342 and 31772?
338
What is the greatest common factor of 3783 and 5226?
39
What is the highest common divisor of 3289 and 572?
143
Calculate the greatest common factor of 666 and 623894.
74
What is the highest common divisor of 2006 and 170?
34
What is the highest common divisor of 618 and 3059718?
618
What is the greatest common factor of 1226 and 54?
2
Calculate the greatest common factor of 2364 and 852.
12
Calculate the highest common divisor of 19191 and 4.
1
What is the greatest common divisor of 21 and 35169?
3
Calculate the greatest common divisor of 54652 and 130.
26
Calculate the greatest common divisor of 528 and 534666.
66
Calculate the highest common divisor of 111 and 658896.
111
What is the greatest common divisor of 63497 and 329?
329
Calculate the highest common divisor of 11655 and 1575.
315
What is the highest common divisor of 174 and 44718?
174
Calculate the highest common factor of 32725 and 408.
17
Calculate the highest common divisor of 16383 and 176859.
129
What is the greatest common factor of 12 and 95601?
3
What is the highest common divisor of 1823417 and 69?
23
Calculate the greatest common factor of 16 and 222808.
8
What is the highest common factor of 240 and 327315?
15
What is the highest common factor of 4819 and 19039?
79
What is the greatest common factor of 48 and 37974?
6
What is the greatest common factor of 35355 and 15?
15
What is the greatest common divisor of 504 and 19944?
72
What is the greatest common divisor of 38963 and 47?
47
What is the greatest common divisor of 18680 and 40?
40
Calculate the highest common divisor of 5 and 20245.
5
What is the greatest common divisor of 124849 and 551?
19
Calculate the greatest common factor of 590453 and 218.
109
Calculate the highest common factor of 1959120 and 240.
240
What is the highest common divisor of 835 and 2454900?
835
Calculate the highest common factor of 21368101 and 83.
83
What is the greatest common factor of 160 and 50420?
20
Calculate the highest common divisor of 149833 and 2228.
557
Calculate the highest common divisor of 255609 and 9.
9
What is the greatest common factor of 81664 and 7296?
128
Calculate the greatest common factor of 62677 and 7263.
269
Calculate the highest common divisor of 13 and 105157.
13
Calculate the highest common divisor of 12730 and 12046.
38
Calculate the greatest common divisor of 7423830 and 90.
90
Calculate the greatest common factor of 10 and 333590.
10
Calculate the highest common factor of 58186 and 94.
94
Calculate the greatest common divisor of 168 and 710616.
24
Calculate the greatest common divisor of 684 and 41895.
171
What is the greatest common factor of 150 and 1247550?
150
What is the highest common divisor of 185 and 190735?
185
What is the highest common factor of 5372364 and 12?
12
What is the highest common factor of 314320 and 560?
80
Calculate the highest common factor of 67767 and 7791.
147
Calculate the highest common factor of 102 and 28.
2
Calculate the highest common divisor of 187 and 287827.
17
Calculate the highest common factor of 16137 and 792.
99
Calculate the greatest common divisor of 1300 and 125450.
650
Calculate the greatest common divisor of 1248 and 2460.
12
What is the highest common divisor of 17598 and 21?
21
Calculate the greatest common divisor of 3743180 and 42.
14
Calculate the highest common factor of 6366840 and 680.
680
What is the greatest common factor of 13357 and 21299?
361
Calculate the highest common factor of 1320 and 409560.
120
What is the highest common divisor of 32 and 120248?
8
Calculate the highest common factor of 13 and 98293.
13
What is the highest common divisor of 1244 and 73085?
311
What is the highest common divisor of 4386 and 8988?
6
Calculate the greatest common divisor of 479028 and 1045.
209
What is the greatest common factor of 81 and 346266?
9
What is the highest common factor of 10918 and 1442?
206
Calculate the greatest common divisor of 21066 and 6.
6
What is the greatest common factor of 918 and 288?
18
What is the greatest common divisor of 646 and 133?
19
Calculate the greatest common divisor of 63843 and 39.
39
Calculate the highest common divisor of 266463 and 834.
417
What is the highest common factor of 6377322 and 42?
42
Calculate the highest common divisor of 81 and 267381.
81
What is the greatest common divisor of 147206 and 2136?
178
Calculate the greatest common divisor of 1290 and 64758.
258
Calculate the highest common factor of 204 and 31348.
68
What is the greatest common divisor of 3068 and 1867645?
767
What is the greatest common divisor of 1298 and 6182?
22
What is the highest common divisor of 259 and 163651?
37
Calculate the highest common factor of 120080 and 9085.
395
What is the highest common divisor of 142164 and 27?
9
What is the greatest common divisor of 488916 and 144?
36
What is the highest common factor of 16075 and 50?
25
Calculate the greatest common divisor of 33939 and 324.
81
Calculate the highest common factor of 18928 and 2464.
112
What is the greatest common factor of 390 and 8870?
10
Calculate the greatest common divisor of 858 and 738.
6
What is the greatest common factor of 12693382 and 13?
13
What is the greatest common factor of 1198240 and 32?
32
What is the greatest common divisor of 553 and 14141?
79
Calculate the highest common divisor of 139904 and 176.
16
Calculate the highest common factor of 3905235 and 45.
45
What is the highest common factor of 18753 and 11139?
141
Calculate the highest common divisor of 96816 and 48.
48
What is the greatest common divisor of 2076 and 9732?
12
Calculate the highest common factor of 2142 and 438498.
306
Calculate the greatest common divisor of 22680 and 2457.
189
Calculate the highest common divisor of 2461 and 7811.
107
Calculate the greatest common factor of 968 and 640.
8
What is the greatest common factor of 51520 and 276?
92
What is the highest common factor of 4558 and 4028?
106
Calculate the highest common divisor of 49932 and 20406.
114
Calculate the greatest common divisor of 38826 and 135.
27
What is the greatest common divisor of 13727 and 11872?
371
What is the highest common factor of 614 and 26?
2
What is the highest common factor of 48959 and 7075?
283
What is the greatest common factor of 951456 and 198?
66
What is the greatest common divisor of 3 and 72?
3
Calculate the highest common factor of 506133 and 27.
9
Calculate the highest common factor of 38 and 14666.
2
Calculate the greatest common factor of 1840 and 79580.
460
Calculate the highest common divisor of 12 and 324932.
4
What is the highest common factor of 384 and 1937952?
96
What is the highest common factor of 4 and 251650?
2
What is the highest common factor of 4961 and 150839?
41
Calculate the greatest common factor of 53010 and 18430.
190
What is the greatest common divisor of 9 and 497817?
9
What is the highest common factor of 8170 and 8815?
215
Calculate the greatest common factor of 1147363 and 7.
7
What is the greatest common divisor of 1431159 and 53?
53
Calculate the greatest common factor of 152